of y?
3
Suppose -115*a - 15008 = -131*a. Let j = 1518 - a. What is the tens digit of j?
8
Suppose -5*s - m + 5154 = -5361, -3*s + 5*m + 6281 = 0. Suppose -g = -p - 1058, -7*g - 5*p + s = -5*g. What is the units digit of g?
6
Let o be 3*8/6*(-1685)/(-20). Suppose 5*t - 1643 = 4*r, 0*r - o = -t - 2*r. What is the hundreds digit of t?
3
What is the thousands digit of (653/3)/((-656)/(-78720))?
6
What is the hundreds digit of ((-4689)/(-12))/((-42)/(-504))?
6
Let c be 88/(-66)*(-2 - 1). Suppose c*n - 3*d - 2033 = 2*n, -n + 1034 = -5*d. What is the thousands digit of n?
1
Suppose -5*l = -10 - 10, -3*a + 4*l + 14348 = 0. What is the tens digit of a?
8
Let o(g) = -17*g**2 - 32*g - 2. Let y(z) = -6*z**2 - 11*z - 1. Let i(s) = -4*o(s) + 11*y(s). Let v be i(-5). Let n = 16 - v. What is the units digit of n?
4
Let u(i) = 3*i**2 - 4*i**2 + 6 - 29*i + 45*i. Let d be u(17). Let n(f) = 2*f**2 + 15*f + 2. What is the tens digit of n(d)?
7
Let u be (-118)/(-4) + ((-10)/(-2))/(-10). Suppose 5*c = 2*i - 92 + u, -141 = -4*i - 5*c. Suppose 0 = i*m - 36*m + 154. What is the tens digit of m?
7
Let s be (1/(-3))/(6/324*-3). Suppose -t + s*a = 4*a - 221, -2*t - 5*a + 433 = 0. Let g = t - 150. What is the units digit of g?
9
Let j be (-2*(18 + -12))/((-1)/17). What is the tens digit of 89376/j - (-8)/(-68)?
3
Suppose -5*g - 30 = 5, -5*s = g - 335673. What is the units digit of s?
6
Suppose -4000 = -5*t + 5*q, t + 2*q + 3988 = 6*t. Let j = t - 146. What is the hundreds digit of j?
6
Suppose 0 = -2*u + 5*u + 2*w - 21105, u - 5*w - 7018 = 0. What is the tens digit of u?
3
Let c(d) = 97*d**3 + 134*d**2 + 13*d - 14. What is the ten thousands digit of c(5)?
1
Suppose 8*h + 7*h = -13860. Let c = -347 - h. What is the units digit of c?
7
Suppose 7*n = -5*z + 3*n + 21485, -4*n = -9*z + 38673. What is the thousands digit of z?
4
Let k be (0 - -34) + (9 - 15). Suppose -k*h = -20124 + 3800. What is the units digit of h?
3
Let h be (-44)/(-5)*(5 + 0/3). Let k = 48 - h. Suppose -14*m + 830 = -k*m. What is the tens digit of m?
8
Let q = 186 + -184. Suppose -4*a - w + 4*w = -394, q*a - 204 = -2*w. What is the hundreds digit of a?
1
What is the hundreds digit of (2/7)/((-188)/(-8920506))?
5
Let h be -3*((-56)/12 - -5). Let s(v) = v**2 + 12. Let q(u) = -u**2 - 1. Let k(j) = h*q(j) + s(j). What is the hundreds digit of k(11)?
2
Let q = -86 - -271. Let v = q - 155. What is the units digit of v?
0
Suppose 56 = -5*w - 3*c, w - 2*c + 46 = -4*w. Let b(u) = -24*u + 156. What is the units digit of b(w)?
6
Let s be 1502 - ((-2)/(-5) - 22/5). Suppose -2*j + s = 2*z, 2*j - 3014 = -2*z - 2*z. What is the hundreds digit of z?
7
Suppose 4*k = 3*f - 6*f + 1183, 5*k + 3*f = 1481. Let i = k - 118. What is the tens digit of i?
8
Let c(f) = 7*f - 20. Let s be c(3). What is the tens digit of ((3 - (0 - -7)) + 464)*s?
6
Let h(l) = l - 11. Let z(b) = -13*b**3 - 2*b**2 - 2*b. Let a be z(-1). Let t be h(a). What is the units digit of 79 + 1 + -2 - t?
6
Suppose -28476 = -10*r + 1406 + 7988. What is the hundreds digit of r?
7
Let g = -114992 + 161222. What is the units digit of g?
0
Suppose c + 8 = 2*v, 0 = 2*v + v + c - 7. Suppose 2*b = 4*j + 1086, 0 = -4*b + 9 + v. What is the units digit of (-6)/33 - j/33?
8
What is the tens digit of (13976 - -29)*((-266)/(-35) + -4)?
1
Suppose -2*x + 3*c = 848, -4*x - 6*c = -4*c + 1728. Let a = 216 + x. Let m = a - -302. What is the units digit of m?
8
Let i = -7 + 10. Suppose -32 = i*p + w - 996, -2*w - 312 = -p. What is the units digit of p?
0
Let g be (-7)/(3/(3 - 6)). Suppose 14*m = g*m + 3633. What is the hundreds digit of m?
5
Let d be (1/(-4))/((-3)/48). Let o be (3 + (-14)/d)*6. What is the tens digit of (o + (-55)/(-25))/((-4)/410)?
8
Let s be 2*(3 + (3 - 7)). Let n be (s/(-6))/((-2)/(-24)). Let x(q) = 5*q**2 - 10*q + 3. What is the tens digit of x(n)?
4
Suppose v - 37760 = -5*w, 21*v + 2*w - 113345 = 18*v. What is the thousands digit of v?
7
Suppose -1554*r + 748*r + 1287648 = -755*r. What is the thousands digit of r?
5
Let y = 3614 + -2454. Let t = -632 + y. What is the units digit of t?
8
Suppose -56*k + 694390 = 41*k - 319357. What is the tens digit of k?
5
Let l = -324 + 568. Let u = l - 75. Suppose -485 = -3*s + u. What is the tens digit of s?
1
Let z = -18805 + 27826. What is the hundreds digit of z?
0
What is the thousands digit of ((-1828)/(-7))/(40/700)?
4
What is the tens digit of (1 - -1)/(74/228771)?
8
Let x = 28 - 26. Suppose -x*g - 38 = 2*m, -m = 5*g - 0*g + 99. What is the units digit of (-712)/g - (-2)/5?
6
Let h(t) = 7*t + 58. Let r be h(-8). Suppose -2*d - b = -3002, 3*d + b - 4509 = -r*b. What is the units digit of d?
9
Let k(i) = 500*i**2 + 24*i + 112. What is the thousands digit of k(-6)?
7
Suppose 216 = 8*f - 64. Let n = f + -31. Suppose -688 = -n*d - 5*s, 3*s - 16 = -s. What is the hundreds digit of d?
1
What is the hundreds digit of (7757 - -2) + (18 - 7 - 4)?
7
Let o(u) = -3*u + 7. Let n(x) = -x - 16. Let t be n(-14). Let y be o(t). Let j = 33 - y. What is the tens digit of j?
2
Suppose 5*b + 5*i = -0 - 10, i = b + 10. Let d(f) = -f**3 + 4*f**2 - 9*f + 11. What is the hundreds digit of d(b)?
4
Suppose -12*b - b = -2*t - 155057, b - 5*t = 11942. What is the units digit of b?
7
Suppose -k = -3*k + 8. Suppose k*i + 33 + 123 = 0. Let d = i - -45. What is the units digit of d?
6
Let f(i) = 2*i**2 - 6*i + 4. Let k be f(-10). Suppose -3*o = -3*t + k, 0 = 6*t - 7*t - 2*o + 100. Let h = 85 + t. What is the hundreds digit of h?
1
Suppose -334*p - 327*p = -676*p + 914400. What is the units digit of p?
0
What is the tens digit of (-14)/35 + 64835/25?
9
Suppose -4*g = 4*w - 20, 0 = w - 5*w - g + 20. Suppose 247*m = 246*m + 2. Suppose 0 = -4*t - 4*f + 68, -m*t + 33 + 16 = w*f. What is the tens digit of t?
1
Let i(b) = -118*b + 149. Let o be i(-5). Suppose -5*z = 3*p - 2804, 3*z - o - 937 = -5*p. What is the hundreds digit of z?
5
Suppose 13*d - 12*d - 637 = 0. What is the tens digit of (d/(-14))/13*-166?
8
Suppose 30*t - 16 = 26*t. Let a(b) = 10*b**3 + 3*b**2 + 10*b - 1. Let n be a(t). Suppose -n = -5*h + u, 2*h + 2*u - 286 = 4*u. What is the units digit of h?
6
Let x = -112 - -110. Let g(r) = 30*r**2 - r - 8. Let p be g(x). Let m = p + -102. What is the tens digit of m?
1
Suppose -3*g + 2*y = -68196, 5*g - 78405 - 35253 = 4*y. What is the hundreds digit of g?
7
Let h(a) = 4*a + 43. Let k be h(-10). Suppose -5*q - 2*l + 2826 = 0, -k*q - 921 = l - 2616. What is the units digit of q?
4
Let m(i) = -10*i**3 + 14*i**2 + 272*i - 104. What is the thousands digit of m(-11)?
1
Let m be 77 - 80 - (-1)/(2/32). Suppose -m*n = 4*n - 1904. What is the hundreds digit of n?
1
Suppose 5*r - 4*s = 24624, -22*r + 4*s = -18*r - 19700. What is the thousands digit of r?
4
Suppose -1516 - 1775 = -3*w + u, w - 1097 = -5*u. What is the thousands digit of w?
1
Suppose -3051 = -5*t - 3*u, -4*u - 327 + 927 = t. What is the hundreds digit of t?
6
Suppose -2*d + 566 = -4*i + 8, 4*i - 279 = -d. Suppose 2*p + 4*f - 238 = 0, 3*p - 58 = -f + d. What is the tens digit of p?
1
Suppose -b + 439 = 2*g - 0*b, 908 = 4*g - 4*b. Let o = -124 + g. Let l = o + -40. What is the tens digit of l?
5
Suppose 24*v + 34081 + 5738 = 443019. What is the tens digit of v?
0
Let f(v) = 8*v + 7*v + 28 - 12*v. Let p be f(-10). Let q(x) = -14*x**3 + 4*x**2 + 7*x + 3. What is the units digit of q(p)?
7
Suppose -14*w + 61 = 159. Let c(q) = -4*q**2 - 59*q - 11. What is the tens digit of c(w)?
0
Let n be (1 + -2)/(11/(-22)). What is the tens digit of ((-11123)/21)/7*(n + -11)?
8
Let v(l) = 2*l**2 + 7*l + 11. Let k(y) = 0 + 13 - 3*y + 0. Let r be k(6). What is the units digit of v(r)?
6
Suppose 0 = 3*p - 6, 0 = 9*x - 4*x - 5*p - 1565. Suppose n + 8*n = x. Let d = 63 - n. What is the tens digit of d?
2
Let i(f) = -11*f + 0*f**2 + f**2 + 66 - 12*f. Let u(r) = -r**3 - 17*r**2 + 52*r - 140. Let a be u(-20). What is the units digit of i(a)?
6
What is the ten thousands digit of (-5 + -3 - (-307038)/26) + (-2)/13?
1
Let a be (8 + (-6 - 6))/1. Suppose 2 = 5*f - 33. What is the tens digit of (-206)/a - ((-35)/10)/f?
5
Let i(s) = 8*s + 10*s - 16*s**2 - 29*s - s**3 - 24. What is the hundreds digit of i(-16)?
1
Suppose -b = -34*n + 35*n - 3986, 4*b - 15912 = 4*n. What is the tens digit of b?
8
Let z(l) = -450*l - 672. What 